{"id":24,"date":"2011-12-18T14:49:38","date_gmt":"2011-12-18T13:49:38","guid":{"rendered":"http:\/\/alexander.mettenheimer.org\/?page_id=24"},"modified":"2022-01-26T13:11:51","modified_gmt":"2022-01-26T11:11:51","slug":"lebenslauf","status":"publish","type":"page","link":"http:\/\/www.alexander-mettenheimer.de\/index.php\/lebenslauf\/","title":{"rendered":"Lebenslauf"},"content":{"rendered":"<p>Der Volljurist, geboren 1952, studierte in Frankfurt, Bonn und Modena. Die Feinheiten des Banking erlernte er bei der Citibank in London, wo er im Handelsfinanzierungs-, im Derivativ- sowie im Wertpapiergesch\u00e4ft aktiv war.<\/p>\n<p>Es folgten Funktionen bei der Citibank in Deutschland \u2013 zuletzt als Sprecher des Vorstandes der damaligen Citibank Privatkunden AG, der heutigen Targobank. Neue Herausforderungen warteten schlie\u00dflich f\u00fcr jeweils zwei Jahre in regional verantwortlichen Positionen der Citibank in Mexiko und f\u00fcr Lateinamerika in den USA.<\/p>\n<p>2001 zog es Alexander Mettenheimer zur\u00fcck nach Deutschland. Als pers\u00f6nlich haftender Gesellschafter der renommierten Privatbank Merck Finck &amp; Co. war er bis 2010 der Sprecher der Gesch\u00e4ftsleitung.<\/p>\n<p>Von August 2010 bis Juni 2013 war er erster \u00a0stellvertretender Vorsitzender des Verwaltungsrates der Bayerischen Landesbank und Vorsitzender des Risikoausschu\u00dfes.<\/p>\n<p>Von Juni 2015 bis M\u00e4rz 2016 war \u00a0Sprecher des Vorstandes der BHF Bank AG und Interims CEO. Von April 2016 bis Dezember 2019 war\u00a0 er Mitglied des Aufsichtsrates der ODDO BHF Bank AG und dessen Risk and Audit Committees.<\/p>\n<p>Seit 2011 ist er Non-Executive Director von The European Smaller Companies Trust plc, London, 2016 auch\u00a0 Vorsitzender des Aufsichtsrates der Small&amp;MidCap Investmentbank AG in M\u00fcnchen, seit 2018 gesch\u00e4ftsf\u00fchrender Gesellschafter der TopCap Partners ( Europe) GmbH.<\/p>\n<p>Im F\u00f6rderverein des Lenbachhauses sitzt er\u00a0 dem Vorstand vor, ebenso ist er\u00a0 Vorstandsvorsitzender der Kirche in Not\/Ostpriesterhilfe ( Deutschland) e.V. und damit Pr\u00e4sident der Deutschen Sektion der p\u00e4pstlichen Stiftung &#8221; Aid to the Church in Need&#8221;.<\/p>\n","protected":false},"excerpt":{"rendered":"<p>Der Volljurist, geboren 1952, studierte in Frankfurt, Bonn und Modena. Die Feinheiten des Banking erlernte er bei der Citibank in London, wo er im Handelsfinanzierungs-, im Derivativ- sowie im Wertpapiergesch\u00e4ft aktiv war. Es folgten Funktionen bei der Citibank in Deutschland \u2013 zuletzt als Sprecher des Vorstandes der damaligen Citibank Privatkunden AG, der heutigen Targobank. Neue [&hellip;]<\/p>\n","protected":false},"author":3,"featured_media":0,"parent":0,"menu_order":0,"comment_status":"closed","ping_status":"closed","template":"","meta":{"footnotes":""},"class_list":["post-24","page","type-page","status-publish","hentry"],"_links":{"self":[{"href":"http:\/\/www.alexander-mettenheimer.de\/index.php\/wp-json\/wp\/v2\/pages\/24","targetHints":{"allow":["GET"]}}],"collection":[{"href":"http:\/\/www.alexander-mettenheimer.de\/index.php\/wp-json\/wp\/v2\/pages"}],"about":[{"href":"http:\/\/www.alexander-mettenheimer.de\/index.php\/wp-json\/wp\/v2\/types\/page"}],"author":[{"embeddable":true,"href":"http:\/\/www.alexander-mettenheimer.de\/index.php\/wp-json\/wp\/v2\/users\/3"}],"replies":[{"embeddable":true,"href":"http:\/\/www.alexander-mettenheimer.de\/index.php\/wp-json\/wp\/v2\/comments?post=24"}],"version-history":[{"count":8,"href":"http:\/\/www.alexander-mettenheimer.de\/index.php\/wp-json\/wp\/v2\/pages\/24\/revisions"}],"predecessor-version":[{"id":294,"href":"http:\/\/www.alexander-mettenheimer.de\/index.php\/wp-json\/wp\/v2\/pages\/24\/revisions\/294"}],"wp:attachment":[{"href":"http:\/\/www.alexander-mettenheimer.de\/index.php\/wp-json\/wp\/v2\/media?parent=24"}],"curies":[{"name":"wp","href":"https:\/\/api.w.org\/{rel}","templated":true}]}}